{"id":561,"date":"2020-04-30T11:00:14","date_gmt":"2020-04-30T11:00:14","guid":{"rendered":"https:\/\/nsfb.nypabbutiken.se\/?post_type=product&#038;p=561"},"modified":"2020-04-30T11:09:49","modified_gmt":"2020-04-30T11:09:49","slug":"hjalmpaket","status":"publish","type":"product","link":"https:\/\/nsfb.nypabbutiken.se\/?product=hjalmpaket","title":{"rendered":"Hj\u00e4lmpaket"},"content":{"rendered":"","protected":false},"excerpt":{"rendered":"<p><strong>Adapter kr\u00e4vs f\u00f6r att f\u00e4sta h\u00f6rselk\u00e5por i hj\u00e4lmen.<\/strong><\/p>\n","protected":false},"featured_media":538,"template":"","meta":[],"product_cat":[107],"product_tag":[],"class_list":{"0":"post-561","1":"product","2":"type-product","3":"status-publish","4":"has-post-thumbnail","6":"product_cat-skydd","8":"first","9":"instock","10":"shipping-taxable","11":"product-type-grouped"},"_links":{"self":[{"href":"https:\/\/nsfb.nypabbutiken.se\/index.php?rest_route=\/wp\/v2\/product\/561","targetHints":{"allow":["GET"]}}],"collection":[{"href":"https:\/\/nsfb.nypabbutiken.se\/index.php?rest_route=\/wp\/v2\/product"}],"about":[{"href":"https:\/\/nsfb.nypabbutiken.se\/index.php?rest_route=\/wp\/v2\/types\/product"}],"wp:featuredmedia":[{"embeddable":true,"href":"https:\/\/nsfb.nypabbutiken.se\/index.php?rest_route=\/wp\/v2\/media\/538"}],"wp:attachment":[{"href":"https:\/\/nsfb.nypabbutiken.se\/index.php?rest_route=%2Fwp%2Fv2%2Fmedia&parent=561"}],"wp:term":[{"taxonomy":"product_cat","embeddable":true,"href":"https:\/\/nsfb.nypabbutiken.se\/index.php?rest_route=%2Fwp%2Fv2%2Fproduct_cat&post=561"},{"taxonomy":"product_tag","embeddable":true,"href":"https:\/\/nsfb.nypabbutiken.se\/index.php?rest_route=%2Fwp%2Fv2%2Fproduct_tag&post=561"}],"curies":[{"name":"wp","href":"https:\/\/api.w.org\/{rel}","templated":true}]}}